{"id":13,"date":"2017-08-13T15:02:49","date_gmt":"2017-08-13T13:02:49","guid":{"rendered":"http:\/\/todtot.de\/?page_id=13"},"modified":"2017-10-06T07:58:40","modified_gmt":"2017-10-06T05:58:40","slug":"todtot-de","status":"publish","type":"page","link":"https:\/\/todtot.de\/","title":{"rendered":"Willkommen auf Todtot.de"},"content":{"rendered":"<p><em><span style=\"color: #999999;\"><strong>der\u00a0wahrscheinlich totesten Seite im Netz<\/strong><\/span><\/em><\/p>\n<p><span style=\"color: #999999;\"><em>&#8222;mors nec bonum nec malum est&#8220; (Lucius Annaeus Seneca)<\/em><\/span><\/p>\n<hr \/>\n<p>Wahrscheinlich hat Dich jemand im Internet, beim Onlinespielen oder per WhatsApp-Nachricht\u00a0auf diese Seite aufmerksam gemacht, um Dir den Unterschied zwischen <strong>&#8222;Tod&#8220;<\/strong> und <strong>&#8222;tot&#8220;<\/strong> zu verdeutlichen oder nicht direkt selbst erkl\u00e4ren zu m\u00fcssen.<\/p>\n<p>Du k\u00f6nntest aber auch zu den Menschen z\u00e4hlen, die sich selbstst\u00e4ndig auf diese Seite verirrt haben, um aus Interesse an der deutschen Sprache und Rechtschreibung\u00a0den Unterschied von <strong>&#8222;Tod&#8220;<\/strong> und <strong>&#8222;tot&#8220;<\/strong> zu verstehen.<\/p>\n<p style=\"text-align: left;\">Fehler macht selbstverst\u00e4ndlich jeder, doch gibt es einige, die zwar besonders weit verbreitet, deshalb aber nicht weniger unangenehm sind. Dazu z\u00e4hlt auch das Verwechseln von <strong>&#8222;tot&#8220;<\/strong> und <strong>&#8222;Tod&#8220;<\/strong>.<\/p>\n<p style=\"text-align: left;\"><strong><em>1.) Das Adjektiv &#8222;tot&#8220;:<\/em><\/strong><br \/>\nDie Schreibweise &#8222;tot&#8220;, kleingeschrieben und mit einem &#8222;t&#8220; am Ende, wird bei einer Verwendung als Adjektiv gew\u00e4hlt.<\/p>\n<ul>\n<li><em>Beispiele:<br \/>\n<\/em>Du bist tot.<br \/>\nJemand wurde f\u00fcr tot erkl\u00e4rt.<br \/>\nDas Wort &#8222;tot&#8220; ist kein totes Adjektiv.<\/li>\n<\/ul>\n<p style=\"text-align: left;\"><strong><em>2.) Das Substantiv &#8222;Tod&#8220;:<\/em><\/strong><br \/>\nDie Schreibweise &#8222;Tod&#8220;, gro\u00dfgeschrieben und mit einem &#8222;d&#8220; am Ende, wird bei der Verwendung als Substantiv gew\u00e4hlt.<\/p>\n<ul>\n<li><em>Beispiele:<\/em><br \/>\nDer Tod ist sehr schnell eingetreten.<br \/>\nHast Du schon\u00a0jemals \u00fcber den Tod nachgedacht?<br \/>\nIch halte es f\u00fcr unwahrscheinlich, dass es ein Leben nach dem Tod gibt.<\/li>\n<\/ul>\n<p style=\"text-align: left;\"><span style=\"color: #999999;\">Das oben auf dieser Seite verwendete Wort &#8222;(am) totesten&#8220; kann in dieser Form nur im \u00fcbertragenen, scherzhaft \u00fcbersteigertem Sinne gebraucht werden.<br \/>\n<\/span><\/p>\n<p style=\"text-align: left;\"><span style=\"color: #999999;\">Die falsche Verwendung von &#8222;Tod&#8220; und &#8222;tot&#8220; ist eine Tods\u00fcnde, wird keinesfalls totgeschwiegen\u00a0und\u00a0im Extremfall\u00a0mit Totschlag bestraft ;). Das ist uns nat\u00fcrlich\u00a0todernst ;).<\/span><\/p>\n","protected":false},"excerpt":{"rendered":"<p>der\u00a0wahrscheinlich totesten Seite im Netz &#8222;mors nec bonum nec malum est&#8220; (Lucius Annaeus Seneca) Wahrscheinlich hat Dich jemand im Internet, beim Onlinespielen oder per WhatsApp-Nachricht\u00a0auf diese Seite aufmerksam gemacht, um Dir den Unterschied zwischen &#8222;Tod&#8220; und &#8222;tot&#8220; zu verdeutlichen oder nicht direkt selbst erkl\u00e4ren zu m\u00fcssen. Du k\u00f6nntest aber auch zu den Menschen z\u00e4hlen, die <a class=\"more-link\" href=\"https:\/\/todtot.de\/\">weiterlesen&#8230;<\/a><\/p>\n","protected":false},"author":2,"featured_media":0,"parent":0,"menu_order":0,"comment_status":"closed","ping_status":"closed","template":"","meta":{"footnotes":""},"class_list":["post-13","page","type-page","status-publish","hentry"],"_links":{"self":[{"href":"https:\/\/todtot.de\/index.php?rest_route=\/wp\/v2\/pages\/13","targetHints":{"allow":["GET"]}}],"collection":[{"href":"https:\/\/todtot.de\/index.php?rest_route=\/wp\/v2\/pages"}],"about":[{"href":"https:\/\/todtot.de\/index.php?rest_route=\/wp\/v2\/types\/page"}],"author":[{"embeddable":true,"href":"https:\/\/todtot.de\/index.php?rest_route=\/wp\/v2\/users\/2"}],"replies":[{"embeddable":true,"href":"https:\/\/todtot.de\/index.php?rest_route=%2Fwp%2Fv2%2Fcomments&post=13"}],"version-history":[{"count":32,"href":"https:\/\/todtot.de\/index.php?rest_route=\/wp\/v2\/pages\/13\/revisions"}],"predecessor-version":[{"id":100,"href":"https:\/\/todtot.de\/index.php?rest_route=\/wp\/v2\/pages\/13\/revisions\/100"}],"wp:attachment":[{"href":"https:\/\/todtot.de\/index.php?rest_route=%2Fwp%2Fv2%2Fmedia&parent=13"}],"curies":[{"name":"wp","href":"https:\/\/api.w.org\/{rel}","templated":true}]}}